22cc5b6
In base 14, what is -19 - -1104bd?
1104a4
In base 10, what is -81203789 - -4?
-81203785
In base 6, what is 201415 + -102135?
55240
In base 14, what is -ab06d5 + -2?
-ab06d7
In base 9, what is -12755 - 104?
-12860
In base 12, what is 6 - b27b6a?
-b27b64
In base 15, what is 30b19 + 38?
30b52
In base 4, what is 1023112010 - -111?
1023112121
In base 16, what is -23abd8 + -b3?
-23ac8b
In base 3, what is 1 + 1010121222100221?
1010121222100222
In base 8, what is 1403 + 152620?
154223
In base 14, what is a + -2291883?
-2291877
In base 16, what is -3fb1f09 + -2?
-3fb1f0b
In base 12, what is -890 + -2a7ba?
-2b48a
In base 2, what is -110001111010001110111 + -1111101?
-110001111010011110100
In base 8, what is -3 - -11210277?
11210274
In base 11, what is -725a672 + -6?
-725a678
In base 2, what is 1101000010 + 10100101111?
100001110001
In base 2, what is 10000010010110100111010 - -11110?
10000010010110101011000
In base 8, what is -4 - 10347440?
-10347444
In base 5, what is 3142411 - -303?
3143214
In base 9, what is -578650 - -28?
-578621
In base 4, what is -21113303001223 - -1?
-21113303001222
In base 12, what is 3b - -3426a5a?
3426a99
In base 12, what is 27a340 - 6b0?
279850
In base 6, what is -2005141 + -2332?
-2011513
In base 4, what is 100 - -220120211111?
220120211211
In base 10, what is -17521 - -8832?
-8689
In base 6, what is -2443553 - 235?
-2444232
In base 3, what is -1002212111202 + -1?
-1002212111210
In base 13, what is 1 - 995a212?
-995a211
In base 13, what is -4 - -1798c78?
1798c74
In base 4, what is -20100103 - -1223?
-20032220
In base 3, what is -21010 - 1100210011?
-1101001021
In base 2, what is -110010110101010010 - 1110010101?
-110011000011100111
In base 11, what is 1246195 + 1?
1246196
In base 15, what is 4 - 137498e?
-137498a
In base 6, what is -114 + 1151134430?
1151134312
In base 3, what is 21201010 - -200221202?
222122212
In base 9, what is 5544068 - 2?
5544066
In base 6, what is 152024323 + 0?
152024323
In base 11, what is 4 - -3574840?
3574844
In base 7, what is -65256 - 2256?
-100545
In base 7, what is 302 + -23142?
-22540
In base 4, what is -1102321112001010 - -2?
-1102321112001002
In base 12, what is 2b6 + -76a1?
-73a7
In base 3, what is 110111120 + 220?
110112110
In base 8, what is -122535 - -717?
-121616
In base 7, what is 10263566 - 260?
10263306
In base 4, what is -10012000 - -1323121?
-2022213
In base 15, what is -2 - 2daee0?
-2daee2
In base 14, what is 204c7 - dd?
203c8
In base 7, what is 141 + -546645?
-546504
In base 8, what is -1475047 + 361?
-1474466
In base 3, what is 20201121212101100 - -2?
20201121212101102
In base 6, what is -242 + -1415104?
-1415350
In base 10, what is 878875 + -181?
878694
In base 14, what is 69 - -b77c5?
b7850
In base 8, what is 27513 + 615?
30330
In base 3, what is 112001222011 - -12012?
112002011100
In base 7, what is 3 - -104466165?
104466201
In base 15, what is -478 - -1c9aa?
1c532
In base 14, what is -78 - -5431?
5397
In base 3, what is -100 + 120011122202?
120011122102
In base 2, what is -111000 + 10110101110000001011?
10110101101111010011
In base 11, what is 3 - 4a9675?
-4a9672
In base 10, what is 2 - -575468?
575470
In base 16, what is -59c + d024?
ca88
In base 12, what is -1 - 25584070?
-25584071
In base 15, what is -470b05 + 2?
-470b03
In base 3, what is 122202000011 - 2?
122202000002
In base 9, what is 13187006 + 4?
13187011
In base 15, what is 4 - -2a6573?
2a6577
In base 12, what is 7b663172 + -3?
7b66316b
In base 13, what is 99 + 56034?
56100
In base 3, what is 1 - -2001202202222102?
2001202202222110
In base 14, what is 2d - -104304?
104333
In base 7, what is -4 + 33642004?
33642000
In base 7, what is 2 + 1065333414?
1065333416
In base 3, what is -1201 + -10021012022220?
-10021012101121
In base 16, what is -8ea + -eca6?
-f590
In base 16, what is 6e8f + -8e?
6e01
In base 5, what is -11 - -421333332?
421333321
In base 2, what is -101001011011000101 - -1011110011?
-101001001111010010
In base 3, what is 201222122 - 1122222201?
-221000002
In base 16, what is 22 - -e2af?
e2d1
In base 6, what is -51 - -142151244?
142151153
In base 3, what is 100210 - 12020011110?
-12012210200
In base 11, what is 83252 + 55?
832a7
In base 2, what is -1011 + 10010100111001011110?
10010100111001010011
In base 4, what is -322302121 + -10?
-322302131
In base 2, what is 11100111010001100111 - 1100100?
11100111010000000011
In base 13, what is -2391ca8 + -41?
-2392019
In base 15, what is -4 + -81e1416?
-81e141a
In base 14, what is 11c946 + 10?
11c956
In base 3, what is 11 - -100012201020201000?
100012201020201011
In base 8, what is -12766307 - -4?
-12766303
In base 6, what is -10114 + 132053?
121535
In base 7, what is 505420 + -6566?
465521
In base 8, what is -1 + -7107156?
-7107157
In base 7, what is 314516 - -5?
314524
In base 13, what is 29813 - 30?
297b3
In base 12, what is -12a50 + 1aa8?
-10b64
In base 10, what is 74285 - 5823?
68462
In base 2, what is -1001 - 1011000000001101011001?
-1011000000001101100010
In base 5, what is 42121441240 + 2?
42121441242
In base 15, what is a9c55 + -171?
a9ad4
In base 14, what is 1 + 4c3737?
4c3738
In base 11, what is 2105881 - 294?
2105598
In base 5, what is -1022330040223 + 0?
-1022330040223
In base 11, what is -1a40120 + -1?
-1a40121
In base 7, what is 2 - -1365632163?
1365632165
In base 13, what is -133526a + -62?
-13352cc
In base 3, what is -1 + 1210001000011?
1210001000010
In base 13, what is -26833430 - 0?
-26833430
In base 6, what is 12 - -5235402352?
5235402404
In base 12, what is -4 - 5649024?
-5649028
In base 9, what is -532 + 53157?
52525
In base 16, what is 515ac + b?
515b7
In base 14, what is -26c2 + -146c?
-3b50
In base 12, what is 4b5 + 15452?
15947
In base 15, what is 158dba - -1d?
158dd8
In base 3, what is 2012210022 - -12021022?
2102001121
In base 2, what is -100111 - 1011000111011110?
-1011001000000101
In base 8, what is -527366 + -37?
-527425
In base 10, what is -2 - 389551?
-389553
In base 13, what is -1226480 + -6?
-1226486
In base 4, what is 103113303012001 + 3?
103113303012010
In base 7, what is -3 - 23152565?
-23152601
In base 5, what is 110 + 3010041033?
3010041143
In base 8, what is -1 + 23621155?
23621154
In base 9, what is 23 + 61005541?
61005564
In base 11, what is 4046 - -2396?
6431
In base 10, what is 3 + -282928449?
-282928446
In base 7, what is 14142323 - -42?
14142365
In base 6, what is -125 - 101330032?
-101330201
In base 11, what is 21a + -171aa?
-16a90
In base 14, what is -1a - 280cb?
-28107
In base 12, what is 21a87b045 + 5?
21a87b04a
In base 5, what is -134 + -3244212?
-3244401
In base 4, what is 12201 + 12121102?
12133303
In base 5, what is 10 + 300444411?
300444421
In base 7, what is 211 + 5555262?
5555503
In base 10, what is 44850940 - 2?
44850938
In base 6, what is -452 + 1143401?
1142505
In base 9, what is -22800 - 6530?
-30430
In base 11, what is -88 - 103831a?
-10383a7
In base 16, what is 2b03715 + -1?
2b03714
In base 6, what is 411335202 + -15?
411335143
In base 8, what is -5 - -1630136?
1630131
In base 7, what is 2 + 53253626?
53253631
In base 6, what is -1153554402 - 100?
-1153554502
In base 12, what is 7 + -59586?
-5957b
In base 8, what is 216422 + -5463?
210737
In base 6, what is -113 - -44032121?
44032004
In base 16, what is e1a1 + -da?
e0c7
In base 10, what is 1009 - -62?
1071
In base 16, what is d3 + a586?
a659
In base 6, what is 11551213 + -44?
11551125
In base 8, what is 2 + -3723103?
-3723101
In base 11, what is 1715 + 209a5?
2260a
In base 13, what is 6ca9 + 8878?
12854
In base 9, what is -17313680 + 45?
-17313634
In base 10, what is 3 - -4358782?
4358785
In base 7, what is 43336450 - 6?
43336441
In base 14, what is -24d - 84c6?
-8735
In base 9, what is 107 - -62675?
62783
In base 16, what is 2ea92db - 1?
2ea92da
In base 15, what is 20c - -242c?
2639
In base 11, what is -26a9702 - -2?
-26a9700
In base 12, what is 168 - -251447?
2515b3
In base 7, what is 3214 + -4024053?
-4020536
In base 13, what is 6 + -212c512?
-212c509
In base 8, what is -2736472 - -2?
-2736470
In base 13, what is 10b6a - b87?
ccb3
In base 13, what is bc4 - -79281?
7a175
In base 12, what is -288 + -224a6?
-22772
In base 2, what is -1100010010011110 - 1001010000111?
-1101011100100101
In base 9, what is 3 - -4751878?
4751882
In base 7, wha